{"id":2729,"date":"2022-05-04T12:11:58","date_gmt":"2022-05-04T10:11:58","guid":{"rendered":"https:\/\/firkusny.cz\/?post_type=event&#038;p=2729"},"modified":"2022-10-31T08:39:37","modified_gmt":"2022-10-31T07:39:37","slug":"leif-ove-andsnes","status":"publish","type":"event","link":"https:\/\/firkusny.cz\/en\/programme\/leif-ove-andsnes\/","title":{"rendered":"Leif Ove Andsnes"},"content":{"rendered":"\n\n<div class=\"text-image\">\n    <div class=\"container\">\n        <div class=\"text-image__wrapper text-image__wrapper--no-image\">\n                                <\/div>\n    <\/div>\n<\/div>\n\n\n\n\n<div class=\"text-image text-image--right\">\n    <div class=\"container\">\n        <div class=\"text-image__wrapper text-image__wrapper--right\">\n                            <div class=\"text-image__content\">\n                    <h3>Extraordinary courage<\/h3>\n<p>One of the most successful pianists around today, Leif Ove Andsnes hails from the Norwegian municipality of Karm\u00f8y surrounded by the North Sea, yet he has a very special relationship with Prague and Czech music. The holder of six Gramophone Awards and eleven Grammy nominations, he included Smetana\u2019s Concert \u00c9tude <em>On the Seashore<\/em> on his debut album aged only seventeen, and he recorded the major solo works of Leo\u0161 Jan\u00e1\u010dek at the age of twenty-one. He is currently also one of the few world pianists whose repertoire includes the complete Dvo\u0159\u00e1k cycle <em>Poetic<\/em><em> Tone <\/em><em>Pictures<\/em>; given its nearly fifty minutes\u2019 duration and the considerable challenges it places on the player, the cycle rarely features on concert programmes, and even then only as a selection. In fact, the composer himself predicted that this might prove to be the case, when he noted in one of his letters that not many would find the courage to tackle the work.<\/p>\n                                    <\/div>\n                                        <div class=\"text-image__image-wrapper\">\n                                            <img decoding=\"async\" src=\"https:\/\/firkusny.cz\/wp-content\/uploads\/2022\/05\/Andsnes_3.jpg\" alt=\"\" class=\"text-image__image\">\n                                        <\/div>\n                    <\/div>\n    <\/div>\n<\/div>\n\n\n\n\n<div class=\"text-image text-image--left\">\n    <div class=\"container\">\n        <div class=\"text-image__wrapper text-image__wrapper--left\">\n                            <div class=\"text-image__content\">\n                    <h3>Hall of Fame<\/h3>\n<p>Andsnes\u2019s love for Czech music was nurtured by Ji\u0159\u00ed Hlinka, a professor of Czech origin with whom he studied at Bergen Music Conservatory, and also by his parents, who were music teachers. Thanks to the latter he heard Dvo\u0159\u00e1k\u2019s Poetic Tone Pictures when he was still a child. <em>\u201cI\u2019ve always loved them. It\u2019s a mystery to me that they\u2019re not better known outside the Czech Republic, because they\u2019re really prime-time Dvo\u0159\u00e1k,<\/em>\u201d says the pianist, who is no stranger to ambitious projects. He appeared at the Prague Spring in his role as both soloist and conductor with the Mahler Chamber Orchestra; together they presented \u201cThe Beethoven Journey\u201d, a project showcasing the complete series of Beethoven piano concertos. The majority of the music was recorded during festival concerts in the Rudolfinum. In 2019 he teamed up with the same orchestra for the project \u201cMozart Momentum 1785\/1786\u201d. The critics have an extremely high regard for the Norwegian artist. In 2013 he was inducted into coveted Gramophone magazine\u2019s Hall of Fame. <em>\u201cHe would be on many critics\u2019 shortlists of the top ten pianists in the world at present,\u201d<\/em> wrote the American daily Star Tribune two years ago, while The New York Times described him as \u201ca pianist of magisterial elegance, power, and insight.\u201d<\/p>\n                                    <\/div>\n                                        <div class=\"text-image__image-wrapper\">\n                                            <img decoding=\"async\" src=\"https:\/\/firkusny.cz\/wp-content\/uploads\/2022\/05\/Andsnes_1.jpg\" alt=\"\" class=\"text-image__image\">\n                                        <\/div>\n                    <\/div>\n    <\/div>\n<\/div>\n\n\n\n\n<div class=\"text-image text-image--right\">\n    <div class=\"container\">\n        <div class=\"text-image__wrapper text-image__wrapper--right\">\n                            <div class=\"text-image__content\">\n                    <h4>Personal Artist\u2019s Statement on Programme<\/h4>\n<p><em>Leo\u0161 Jan\u00e1\u010dek\u2019s tribute to a worker who was killed in a demonstration on October 1st 1905 is frightfully relevant today. As I write these lines (end of September 2022), young Iranian demonstrators are being killed on the streets of Tehran, and brave Russians get out in the streets to voice their opinion against a devastating war, risking their lives. Jan\u00e1\u010dek\u2019s sonata is full of the anger and sadness we feel at this time, being confronted with the meaningless war in Ukraine.<\/em><\/p>\n<p><em>As an epilogue after the Jan\u00e1\u010dek I will play one of Ukrainian Valentyn Sylvestrov\u2019s Bagatelles, dreamy fragments that seem to tell us about a time that has passed, or hopes for something better.<\/em><\/p>\n<p><em>In 2019 I invited the 76-year-old composer Alexander Vustin to the Rosendal chamber music festival in Norway. It was only his second time outside Russia. Clearly marked by the years of oppressive regime in his country, it was most touching to get to know him and his music, but also to see him listen with his whole being to performances of Shostakovich at the festival. It saddened me deeply to hear that he had passed away during the first wave of Covid infections in Moscow in April 2020.<\/em><\/p>\n<p><em>There is anger in Beethoven\u2019s Sonata \u201cPath\u00e9tique\u201d, too. The sudden outbursts and pianistic effects in the first movement were shocking for their time \u2013 for example, the constant bass tremolo and the crossing of hands in the second theme can still feel radical to us today. The other movements provide relief and contrast: the melodies of the second movement are all-embracing and the final Rondo moves between energy, drama, and grace in a very Mozartian spirit.<\/em><\/p>\n<p><em>The pandemic gave me the possibility to study the strangely neglected Poetic Tone Pictures Op. 85 by Dvo\u0159\u00e1k. The composer meant for this to be a cycle, not only a set of pieces, and I love the programmatic mixture of high and low. Poetic short stories like Twilight Way or At the Old Castle exist side by side with triviality in Toying or Tittle-Tattle. There is intimacy in R\u00eaverie, drama in At a Hero\u2019s Grave, wild virtuosity in Bacchanalia, and a Serenade which develops into the most touching of love songs. It has been a truly wonderful discovery to study these pieces; life-affirming music of the greatest invention and imagination.<\/em><\/p>\n                                    <\/div>\n                                        <div class=\"text-image__image-wrapper\">\n                                            <img decoding=\"async\" src=\"https:\/\/firkusny.cz\/wp-content\/uploads\/2022\/05\/Andsnes_2.jpg\" alt=\"\" class=\"text-image__image\">\n                                        <\/div>\n                    <\/div>\n    <\/div>\n<\/div>\n\n\n\n<div class=\"audio-sample\">\n    <div class=\"container\">\n        <div class=\"audio-sample__wrapper\">\n            <div class=\"audio-sample__content\">\n                <h3 class=\"audio-sample__heading h2\">Listen to  Poetic Tone Pictures by Leif Ove Andsnes<\/h3>\n            <\/div>\n            <div class=\"audio-sample__embed\">\n                <iframe style=\"border-radius:12px\" src=\"https:\/\/open.spotify.com\/embed\/album\/5f7RarjG0HObpRMvidrZ0X?utm_source=generator\" width=\"100%\" height=\"380\" frameBorder=\"0\" allowfullscreen=\"\" allow=\"autoplay; clipboard-write; encrypted-media; fullscreen; picture-in-picture\" loading=\"lazy\"><\/iframe>            <\/div>\n        <\/div>\n    <\/div>\n<\/div>\n","protected":false},"excerpt":{"rendered":"","protected":false},"featured_media":2671,"template":"","event_category":[16],"event_type":[15],"class_list":["post-2729","event","type-event","status-publish","has-post-thumbnail","hentry","event_category-firkusny-en","event_type-prague-spring"],"acf":[],"_links":{"self":[{"href":"https:\/\/firkusny.cz\/en\/wp-json\/wp\/v2\/event\/2729","targetHints":{"allow":["GET"]}}],"collection":[{"href":"https:\/\/firkusny.cz\/en\/wp-json\/wp\/v2\/event"}],"about":[{"href":"https:\/\/firkusny.cz\/en\/wp-json\/wp\/v2\/types\/event"}],"wp:featuredmedia":[{"embeddable":true,"href":"https:\/\/firkusny.cz\/en\/wp-json\/wp\/v2\/media\/2671"}],"wp:attachment":[{"href":"https:\/\/firkusny.cz\/en\/wp-json\/wp\/v2\/media?parent=2729"}],"wp:term":[{"taxonomy":"event_category","embeddable":true,"href":"https:\/\/firkusny.cz\/en\/wp-json\/wp\/v2\/event_category?post=2729"},{"taxonomy":"event_type","embeddable":true,"href":"https:\/\/firkusny.cz\/en\/wp-json\/wp\/v2\/event_type?post=2729"}],"curies":[{"name":"wp","href":"https:\/\/api.w.org\/{rel}","templated":true}]}}

<div class="text-image">
    <div class="container">
        <div class="text-image__wrapper text-image__wrapper--no-image">
                                </div>
    </div>
</div>




<div class="text-image text-image--right">
    <div class="container">
        <div class="text-image__wrapper text-image__wrapper--right">
                            <div class="text-image__content">
                    <h3>Extraordinary courage</h3>
<p>One of the most successful pianists around today, Leif Ove Andsnes hails from the Norwegian municipality of Karmøy surrounded by the North Sea, yet he has a very special relationship with Prague and Czech music. The holder of six Gramophone Awards and eleven Grammy nominations, he included Smetana’s Concert Étude <em>On the Seashore</em> on his debut album aged only seventeen, and he recorded the major solo works of Leoš Janáček at the age of twenty-one. He is currently also one of the few world pianists whose repertoire includes the complete Dvořák cycle <em>Poetic</em><em> Tone </em><em>Pictures</em>; given its nearly fifty minutes’ duration and the considerable challenges it places on the player, the cycle rarely features on concert programmes, and even then only as a selection. In fact, the composer himself predicted that this might prove to be the case, when he noted in one of his letters that not many would find the courage to tackle the work.</p>
                                    </div>
                                        <div class="text-image__image-wrapper">
                                            <img decoding="async" src="https://firkusny.cz/wp-content/uploads/2022/05/Andsnes_3.jpg" alt="" class="text-image__image">
                                        </div>
                    </div>
    </div>
</div>




<div class="text-image text-image--left">
    <div class="container">
        <div class="text-image__wrapper text-image__wrapper--left">
                            <div class="text-image__content">
                    <h3>Hall of Fame</h3>
<p>Andsnes’s love for Czech music was nurtured by Jiří Hlinka, a professor of Czech origin with whom he studied at Bergen Music Conservatory, and also by his parents, who were music teachers. Thanks to the latter he heard Dvořák’s Poetic Tone Pictures when he was still a child. <em>“I’ve always loved them. It’s a mystery to me that they’re not better known outside the Czech Republic, because they’re really prime-time Dvořák,</em>” says the pianist, who is no stranger to ambitious projects. He appeared at the Prague Spring in his role as both soloist and conductor with the Mahler Chamber Orchestra; together they presented “The Beethoven Journey”, a project showcasing the complete series of Beethoven piano concertos. The majority of the music was recorded during festival concerts in the Rudolfinum. In 2019 he teamed up with the same orchestra for the project “Mozart Momentum 1785/1786”. The critics have an extremely high regard for the Norwegian artist. In 2013 he was inducted into coveted Gramophone magazine’s Hall of Fame. <em>“He would be on many critics’ shortlists of the top ten pianists in the world at present,”</em> wrote the American daily Star Tribune two years ago, while The New York Times described him as “a pianist of magisterial elegance, power, and insight.”</p>
                                    </div>
                                        <div class="text-image__image-wrapper">
                                            <img decoding="async" src="https://firkusny.cz/wp-content/uploads/2022/05/Andsnes_1.jpg" alt="" class="text-image__image">
                                        </div>
                    </div>
    </div>
</div>




<div class="text-image text-image--right">
    <div class="container">
        <div class="text-image__wrapper text-image__wrapper--right">
                            <div class="text-image__content">
                    <h4>Personal Artist’s Statement on Programme</h4>
<p><em>Leoš Janáček’s tribute to a worker who was killed in a demonstration on October 1st 1905 is frightfully relevant today. As I write these lines (end of September 2022), young Iranian demonstrators are being killed on the streets of Tehran, and brave Russians get out in the streets to voice their opinion against a devastating war, risking their lives. Janáček’s sonata is full of the anger and sadness we feel at this time, being confronted with the meaningless war in Ukraine.</em></p>
<p><em>As an epilogue after the Janáček I will play one of Ukrainian Valentyn Sylvestrov’s Bagatelles, dreamy fragments that seem to tell us about a time that has passed, or hopes for something better.</em></p>
<p><em>In 2019 I invited the 76-year-old composer Alexander Vustin to the Rosendal chamber music festival in Norway. It was only his second time outside Russia. Clearly marked by the years of oppressive regime in his country, it was most touching to get to know him and his music, but also to see him listen with his whole being to performances of Shostakovich at the festival. It saddened me deeply to hear that he had passed away during the first wave of Covid infections in Moscow in April 2020.</em></p>
<p><em>There is anger in Beethoven’s Sonata “Pathétique”, too. The sudden outbursts and pianistic effects in the first movement were shocking for their time – for example, the constant bass tremolo and the crossing of hands in the second theme can still feel radical to us today. The other movements provide relief and contrast: the melodies of the second movement are all-embracing and the final Rondo moves between energy, drama, and grace in a very Mozartian spirit.</em></p>
<p><em>The pandemic gave me the possibility to study the strangely neglected Poetic Tone Pictures Op. 85 by Dvořák. The composer meant for this to be a cycle, not only a set of pieces, and I love the programmatic mixture of high and low. Poetic short stories like Twilight Way or At the Old Castle exist side by side with triviality in Toying or Tittle-Tattle. There is intimacy in Rêverie, drama in At a Hero’s Grave, wild virtuosity in Bacchanalia, and a Serenade which develops into the most touching of love songs. It has been a truly wonderful discovery to study these pieces; life-affirming music of the greatest invention and imagination.</em></p>
                                    </div>
                                        <div class="text-image__image-wrapper">
                                            <img decoding="async" src="https://firkusny.cz/wp-content/uploads/2022/05/Andsnes_2.jpg" alt="" class="text-image__image">
                                        </div>
                    </div>
    </div>
</div>



<div class="audio-sample">
    <div class="container">
        <div class="audio-sample__wrapper">
            <div class="audio-sample__content">
                <h3 class="audio-sample__heading h2">Listen to  Poetic Tone Pictures by Leif Ove Andsnes</h3>
            </div>
            <div class="audio-sample__embed">
                <iframe style="border-radius:12px" src="https://open.spotify.com/embed/album/5f7RarjG0HObpRMvidrZ0X?utm_source=generator" width="100%" height="380" frameBorder="0" allowfullscreen="" allow="autoplay; clipboard-write; encrypted-media; fullscreen; picture-in-picture" loading="lazy"></iframe>            </div>
        </div>
    </div>
</div>
