{"id":3131,"date":"2023-05-01T13:16:06","date_gmt":"2023-05-01T11:16:06","guid":{"rendered":"https:\/\/firkusny.cz\/koncerty\/ivan-a-lukas-klansti\/"},"modified":"2023-05-08T09:30:33","modified_gmt":"2023-05-08T07:30:33","slug":"ivan-a-lukas-klansti","status":"publish","type":"event","link":"https:\/\/firkusny.cz\/en\/programme\/ivan-a-lukas-klansti\/","title":{"rendered":"Ivan &#038; Luk\u00e1\u0161 Kl\u00e1nsk\u00fd"},"content":{"rendered":"\n\n<div class=\"text-image text-image--right\">\n    <div class=\"container\">\n        <div class=\"text-image__wrapper text-image__wrapper--right\">\n                            <div class=\"text-image__content\">\n                    <p>Professor <strong>Ivan Kl\u00e1nsk\u00fd<\/strong> is one of the living legends of the Czech piano school. With some exaggeration, this outstanding performer and a sought-after teacher who left an indelible mark on the music scene could be called the Czech Bach. Although he is not a composer, five of his children are professional musicians. For his concert at the Rudolf Firku\u0161n\u00fd Piano Festival, he invited his son <strong>Luk\u00e1\u0161<\/strong> who himself is a successful and respected soloist. In the second half of the evening, they will play together the popular Dvo\u0159\u00e1k&#8217;s <em>Slavonic Dances, series II<\/em>. If the end of the concert will be rather on a lighter note, the first half will show Ivan Kl\u00e1nsk\u00fd as an exquisite interpreter of the most classical pieces of the piano repertoire. He will play Beethoven&#8217;s last Sonata, a work of deep immersion and extraordinary originality which prompted an artistic response from many of the composer&#8217;s followers.<\/p>\n                                    <\/div>\n                                        <div class=\"text-image__image-wrapper\">\n                                            <img decoding=\"async\" src=\"https:\/\/firkusny.cz\/wp-content\/uploads\/2023\/05\/Klansky_FOTO_1_WEB.jpg\" alt=\"\" class=\"text-image__image\">\n                                        <\/div>\n                    <\/div>\n    <\/div>\n<\/div>\n","protected":false},"excerpt":{"rendered":"","protected":false},"featured_media":3073,"template":"","event_category":[16],"event_type":[15],"class_list":["post-3131","event","type-event","status-publish","has-post-thumbnail","hentry","event_category-firkusny-en","event_type-prague-spring"],"acf":[],"_links":{"self":[{"href":"https:\/\/firkusny.cz\/en\/wp-json\/wp\/v2\/event\/3131","targetHints":{"allow":["GET"]}}],"collection":[{"href":"https:\/\/firkusny.cz\/en\/wp-json\/wp\/v2\/event"}],"about":[{"href":"https:\/\/firkusny.cz\/en\/wp-json\/wp\/v2\/types\/event"}],"wp:featuredmedia":[{"embeddable":true,"href":"https:\/\/firkusny.cz\/en\/wp-json\/wp\/v2\/media\/3073"}],"wp:attachment":[{"href":"https:\/\/firkusny.cz\/en\/wp-json\/wp\/v2\/media?parent=3131"}],"wp:term":[{"taxonomy":"event_category","embeddable":true,"href":"https:\/\/firkusny.cz\/en\/wp-json\/wp\/v2\/event_category?post=3131"},{"taxonomy":"event_type","embeddable":true,"href":"https:\/\/firkusny.cz\/en\/wp-json\/wp\/v2\/event_type?post=3131"}],"curies":[{"name":"wp","href":"https:\/\/api.w.org\/{rel}","templated":true}]}}

Ivan &#038; Lukáš Klánský

<div class="text-image text-image--right">
    <div class="container">
        <div class="text-image__wrapper text-image__wrapper--right">
                            <div class="text-image__content">
                    <p>Professor <strong>Ivan Klánský</strong> is one of the living legends of the Czech piano school. With some exaggeration, this outstanding performer and a sought-after teacher who left an indelible mark on the music scene could be called the Czech Bach. Although he is not a composer, five of his children are professional musicians. For his concert at the Rudolf Firkušný Piano Festival, he invited his son <strong>Lukáš</strong> who himself is a successful and respected soloist. In the second half of the evening, they will play together the popular Dvořák&#8217;s <em>Slavonic Dances, series II</em>. If the end of the concert will be rather on a lighter note, the first half will show Ivan Klánský as an exquisite interpreter of the most classical pieces of the piano repertoire. He will play Beethoven&#8217;s last Sonata, a work of deep immersion and extraordinary originality which prompted an artistic response from many of the composer&#8217;s followers.</p>
                                    </div>
                                        <div class="text-image__image-wrapper">
                                            <img decoding="async" src="https://firkusny.cz/wp-content/uploads/2023/05/Klansky_FOTO_1_WEB.jpg" alt="" class="text-image__image">
                                        </div>
                    </div>
    </div>
</div>
